highest common divisor of 20 and 830?
10
What is the greatest common divisor of 18 and 486?
18
What is the highest common divisor of 2868 and 36?
12
What is the greatest common factor of 596 and 56?
4
Calculate the greatest common divisor of 16 and 6.
2
What is the greatest common divisor of 39 and 17225?
13
What is the highest common divisor of 85 and 136?
17
Calculate the greatest common factor of 636 and 12.
12
What is the highest common factor of 11 and 1?
1
What is the highest common factor of 22 and 5126?
22
Calculate the highest common divisor of 196 and 8.
4
What is the highest common divisor of 154 and 44?
22
What is the highest common divisor of 40 and 140?
20
Calculate the highest common divisor of 374 and 66.
22
What is the greatest common divisor of 33 and 2739?
33
Calculate the greatest common divisor of 2538 and 54.
54
What is the highest common divisor of 36 and 312?
12
Calculate the greatest common divisor of 1024 and 848.
16
Calculate the greatest common divisor of 1125 and 18.
9
What is the highest common factor of 3204 and 9?
9
Calculate the greatest common factor of 17 and 23239.
17
Calculate the highest common factor of 219 and 146.
73
Calculate the greatest common factor of 2925 and 225.
225
What is the greatest common divisor of 13 and 91?
13
What is the highest common divisor of 180 and 20?
20
What is the highest common factor of 2839 and 34?
17
Calculate the highest common divisor of 18 and 2052.
18
What is the highest common divisor of 43280 and 16?
16
Calculate the highest common divisor of 15 and 795.
15
What is the highest common factor of 14756 and 714?
238
What is the highest common divisor of 5306 and 56?
14
Calculate the highest common divisor of 1370 and 30.
10
Calculate the highest common factor of 6656 and 104.
104
Calculate the greatest common factor of 1248 and 39.
39
Calculate the greatest common factor of 6809 and 55.
11
What is the highest common divisor of 31 and 124?
31
Calculate the highest common factor of 10 and 3670.
10
What is the highest common factor of 13581 and 54?
27
What is the greatest common divisor of 50 and 525?
25
What is the highest common factor of 14167 and 62?
31
Calculate the greatest common divisor of 30 and 195.
15
What is the highest common factor of 70 and 35?
35
Calculate the greatest common divisor of 96 and 264.
24
What is the highest common factor of 784 and 80?
16
What is the greatest common divisor of 2 and 128?
2
What is the highest common factor of 14016 and 24?
24
Calculate the highest common divisor of 120 and 1040.
40
What is the highest common divisor of 7314 and 138?
138
What is the greatest common factor of 144 and 624?
48
What is the greatest common factor of 57 and 6213?
57
What is the highest common factor of 40247 and 241?
241
What is the greatest common divisor of 120 and 930?
30
Calculate the greatest common divisor of 616 and 539.
77
What is the highest common divisor of 267 and 89?
89
What is the highest common factor of 2740 and 10?
10
Calculate the highest common divisor of 1323 and 252.
63
Calculate the highest common divisor of 1800 and 20.
20
What is the greatest common divisor of 3869 and 53?
53
Calculate the highest common divisor of 1150 and 50.
50
Calculate the greatest common factor of 40 and 88.
8
What is the greatest common factor of 200 and 8?
8
What is the greatest common divisor of 22 and 1562?
22
Calculate the greatest common factor of 58 and 6467.
29
Calculate the greatest common divisor of 137 and 137.
137
Calculate the greatest common divisor of 11 and 891.
11
Calculate the highest common divisor of 7452 and 230.
46
Calculate the highest common divisor of 128 and 416.
32
Calculate the highest common divisor of 8 and 63.
1
Calculate the highest common divisor of 24 and 3684.
12
What is the greatest common divisor of 14 and 3206?
14
Calculate the greatest common divisor of 134 and 3149.
67
Calculate the greatest common divisor of 45 and 2259.
9
What is the highest common divisor of 340 and 272?
68
Calculate the greatest common factor of 550 and 75.
25
Calculate the greatest common divisor of 174 and 261.
87
What is the greatest common divisor of 7 and 8?
1
Calculate the highest common divisor of 3113 and 11.
11
What is the highest common factor of 100 and 20?
20
What is the highest common factor of 28 and 76?
4
Calculate the greatest common divisor of 60 and 580.
20
What is the highest common factor of 1458 and 2?
2
Calculate the highest common factor of 460 and 60.
20
Calculate the greatest common divisor of 13 and 91.
13
What is the greatest common factor of 2266 and 22?
22
What is the greatest common factor of 1309 and 425?
17
Calculate the greatest common divisor of 7571 and 67.
67
What is the highest common factor of 276 and 60?
12
Calculate the highest common factor of 38 and 5282.
38
Calculate the greatest common divisor of 945 and 8.
1
What is the greatest common divisor of 76 and 4484?
76
Calculate the greatest common factor of 66 and 374.
22
Calculate the highest common divisor of 54 and 27.
27
Calculate the greatest common factor of 21 and 266.
7
What is the greatest common factor of 5983 and 31?
31
Calculate the highest common factor of 12 and 108.
12
Calculate the greatest common divisor of 46 and 874.
46
What is the greatest common factor of 28 and 966?
14
Calculate the highest common factor of 3 and 25.
1
Calculate the highest common factor of 4213 and 10724.
383
Calculate the highest common divisor of 355 and 5.
5
What is the highest common factor of 201 and 6499?
67
What is the greatest common divisor of 235 and 8?
1
Calculate the highest common factor of 45 and 345.
15
Calculate the highest common factor of 342 and 81.
9
What is the highest common factor of 39 and 3?
3
Calculate the highest common factor of 135 and 324.
27
What is the highest common factor of 28 and 1736?
28
Calculate the greatest common divisor of 4311 and 36.
9
What is the greatest common factor of 15 and 465?
15
What is the highest common divisor of 44 and 688?
4
Calculate the highest common divisor of 39 and 1417.
13
Calculate the greatest common divisor of 504 and 28.
28
Calculate the greatest common divisor of 231 and 33.
33
Calculate the greatest common factor of 1732 and 20.
4
What is the highest common factor of 204 and 884?
68
Calculate the highest common factor of 7786 and 34.
34
What is the highest common divisor of 54 and 1746?
18
Calculate the highest common divisor of 84 and 24.
12
Calculate the greatest common divisor of 101 and 101.
101
Calculate the highest common divisor of 13 and 429.
13
Calculate the greatest common divisor of 871 and 67.
67
Calculate the greatest common divisor of 474 and 51.
3
What is the highest common divisor of 6 and 136?
2
What is the highest common divisor of 136 and 2142?
34
Calculate the greatest common divisor of 60078 and 34.
34
Calculate the highest common divisor of 24 and 22488.
24
What is the greatest common factor of 3600 and 1008?
144
What is the highest common divisor of 473 and 11?
11
Calculate the highest common factor of 2569 and 35.
7
Calculate the highest common divisor of 155 and 45.
5
What is the greatest common factor of 72 and 3546?
18
Calculate the greatest common divisor of 31 and 403.
31
What is the greatest common divisor of 2220 and 90?
30
Calculate the highest common factor of 360 and 1152.
72
What is the greatest common divisor of 468 and 1716?
156
What is the highest common divisor of 32 and 12?
4
What is the greatest common factor of 3726 and 46?
46
Calculate the greatest common divisor of 696 and 48.
24
What is the greatest common factor of 9 and 3249?
9
What is the highest common factor of 7775 and 25?
25
What is the highest common factor of 4 and 163?
1
Calculate the greatest common divisor of 57 and 5377.
19
Calculate the highest common factor of 4500 and 72.
36
What is the highest common factor of 658 and 56?
14
What is the greatest common factor of 76 and 4?
4
Calculate the greatest common divisor of 18 and 9738.
18
Calculate the highest common divisor of 18 and 16.
2
Calculate the highest common factor of 486 and 18.
18
What is the highest common factor of 6669 and 27?
27
What is the highest common divisor of 21 and 6?
3
What is the greatest common factor of 19 and 820